 = q**3 + 6*q**2 + 8. Let s be y(-6). Let i(p) = -s*p - p + 2*p + 19 + 3*p. What is the tens digit of i(-6)?
4
Suppose 37*z + 696 = 4*x + 40*z, 2*z + 8 = 0. Suppose 3*q - 2*q = -124. Let k = q + x. What is the tens digit of k?
5
What is the units digit of ((-81962)/1)/(((-4)/9)/(38/171))?
1
Let f = 402 + -397. Suppose -f*c + 4220 = -890. What is the tens digit of c?
2
Let q(b) = -b + 1. Let l(x) = 28*x + 20. Let z(j) = -2*l(j) + 18*q(j). What is the tens digit of z(-7)?
9
Let c be 8 + (9 - -2622) - 10/2. Suppose 4*i - c - 578 = 0. What is the tens digit of i?
0
Let a be -6*394/(-4) + -1. What is the tens digit of a*(-8)/20*-1?
3
Let x = -552 + 3034. Suppose -12*m + 530 = -x. What is the hundreds digit of m?
2
Suppose -48*q + 160345 = -23*q + 30520. What is the thousands digit of q?
5
Let t = -17628 - -31704. What is the units digit of t?
6
Let j = -181 + 267. Let n = j + 25. What is the units digit of n?
1
Let m(h) = -239*h + 336. Let j be m(14). Let p = -1122 - j. What is the hundreds digit of p?
8
Suppose 20*y - 12*y + 2*o = 66284, y - 5*o = 8275. What is the hundreds digit of y?
2
Suppose 986101 = -179*b + 110*b + 4158928. What is the hundreds digit of b?
9
Suppose 4*v - 9429 = -5*w, 5660 = 3*w + 29*v - 24*v. Suppose -6*r = -4867 + w. What is the hundreds digit of r?
4
Let k be (-735)/105*(-2 + -1 + 2). Let o(l) = 24*l**2 - 45*l - 2. What is the units digit of o(k)?
9
Suppose -16*d + 78722 + 725338 = 148284. What is the hundreds digit of d?
9
Suppose -12*o = 11800 - 976. Let k = o - -1820. What is the units digit of k?
8
Let s(g) = -g**3 + 5*g**2 + 2*g - 9. Let q be s(6). Let f = 98 + q. Suppose -3*v + r + 4*r = -23, -5*v = -3*r - f. What is the units digit of v?
6
Let s be (15/45)/(1/6)*-2. Let z(v) = -8*v**2 + 15. Let t(x) = 8*x**2 - 14. Let k(g) = 5*t(g) + 4*z(g). What is the hundreds digit of k(s)?
1
Let t(s) = 2*s**2 + 2*s - 1. Let x(j) = 11*j**2 + 29*j - 21. Let m(b) = 6*t(b) - x(b). Let i be 0 - 1 - (-19 - 1). What is the tens digit of m(i)?
5
Let f = 199 - 175. Suppose 29*l - 2145 = f*l. What is the units digit of l?
9
Let s(z) = -25*z - 1. Let m be s(-1). Let x = m - 22. Suppose 0 = 3*n + c - 38, -c - 15 = x*n - 39. What is the units digit of n?
4
Suppose -3232 = 9*j + 1565. Let g = j - -777. What is the units digit of g?
4
Let l(p) = -p**3 + 3*p**2 + 6*p + 6*p**2 - 12 + 2*p. Let m be 38/(-133) + 9/7 - -8. What is the tens digit of l(m)?
6
Let n(v) = 18*v**2 + 97*v + 5. Let s be n(-8). Let o = -204 + s. What is the tens digit of o?
7
Suppose -22 = -4*n + 18. Let j be 1120/n - (-4)/(-1). Suppose 3*i - 6*i + 2*v + j = 0, -5*i - 3*v = -161. What is the tens digit of i?
3
Suppose 154454 = 5*t + 9*h - 7*h, 5*t + h = 154447. What is the thousands digit of t?
0
Suppose -6*c + 12167 + 2401 = 0. Let m be 42*(-3 - (-22)/6). What is the units digit of 2/7 + c/m?
7
Let y be ((-19)/2*1)/((-2)/(-4)). What is the hundreds digit of (y - -12)/(6/(-174))?
2
Let l(m) = 53*m**2 + 117*m - 1378. What is the thousands digit of l(12)?
7
Let h be (-4 + 13)*2/6. Suppose -h*u = -30 + 24. Suppose 73 = u*p + g - 54, -4*p - 5*g + 257 = 0. What is the tens digit of p?
6
Let u(a) = 53*a + 215. Let h(x) = 17*x + 72. Let y(p) = -17*h(p) + 6*u(p). What is the hundreds digit of y(23)?
7
Suppose 2*a - 43 = -3*f, -17 + 1 = -f + a. Suppose f*m = 9178 - 1708. What is the tens digit of m?
9
Let l = -47 - -87. Let p = -104 + l. Let s = p + 92. What is the units digit of s?
8
Let p be -5 + 22/6 + (-26)/(-6). Suppose 11*v + p*v = 2156. What is the tens digit of v?
5
Let x = 93 + 27. Suppose 3*d - 45 = x. Suppose -60*j + d*j = -1420. What is the hundreds digit of j?
2
Let o be 5/(70/(-147))*(-34)/3. Let m = 83 + o. What is the hundreds digit of m?
2
Suppose -4*x = -w + 1685, -5*w + 4571 = 4*x - 3926. What is the units digit of w?
7
Suppose 2*x - 4*x - 8 = 0, 5*a = -2*x - 98. What is the hundreds digit of (-15)/a*327*(-8)/(-5)?
4
Suppose -119*d + 316248 = -95*d. What is the thousands digit of d?
3
Suppose -7*b - 448 = 182. Let x = 270 + b. What is the tens digit of x?
8
Let p(v) = -8*v**3 + 6*v - 4*v**3 - 2*v**3 - 2*v**2 + 15*v**3. Suppose -50 = -17*o + 7*o. What is the units digit of p(o)?
5
Suppose 0 = -10*q + q - 4743. Let r = q - -795. What is the units digit of r?
8
Suppose -4*m + 166 = 2*d, 0 = 4*m + 5*d + 2 - 153. Suppose -22*j + 143 + 451 = 0. Let b = j + m. What is the units digit of b?
1
Suppose -4*c - 2*n - 4 = 0, 6 + 2 = c - 4*n. Let p be -5 + -90 + c + 2 + -1. Let r = 135 + p. What is the units digit of r?
1
What is the ten thousands digit of ((11 - 3)/(-24))/((-12)/2040336)?
5
What is the tens digit of ((-52)/(-195))/((-4)/10) + 8171/3?
2
Suppose 4*r + 1615 = -y, -21*r - 409 = -20*r + 2*y. Let u = 698 + r. What is the units digit of u?
5
Suppose -8 = -13*f + 18. Suppose -f*d - 2*z = z - 593, -891 = -3*d - 4*z. What is the hundreds digit of d?
3
Let o(r) be the third derivative of -r**4/12 + 19*r**3/6 + 381*r**2 + r. Let q(s) = s**3 - 4*s**2 - 3*s - 7. Let w be q(5). What is the units digit of o(w)?
3
Suppose -7*d + 52 = 6*d. Suppose 0 = -3*z + d*z - 29. Let r = 76 - z. What is the tens digit of r?
4
Let y(x) = 15*x + 6. Let w(c) = -14*c - 6. Let q(m) = 6*w(m) + 5*y(m). Let v be (-125)/15*54/90. What is the tens digit of q(v)?
3
Let q = -7370 - -13652. What is the thousands digit of q?
6
Let f = -10743 + 22963. What is the thousands digit of f?
2
Let h = -127 + 132. Suppose 3*v - 257 = -0*z - z, 0 = h*v. What is the hundreds digit of z?
2
Let i(z) = 46*z**2 - 30*z + 113. What is the ten thousands digit of i(-17)?
1
Let m = 89502 - 36909. What is the thousands digit of m?
2
Suppose -6*j + j = -55. Let b(p) = -10 - j*p - 7*p**2 + 0 + 3*p - p**3. What is the tens digit of b(-7)?
4
Let c(a) = a**2 + 9*a - 23. Let p(v) = v**2 + 9*v - 22. Let l(t) = 2*c(t) - 3*p(t). Let y be l(-11). What is the hundreds digit of ((-84)/y)/(39/104)?
1
Let u(d) = 36*d + 111. Let p be u(-3). Let n(l) = 9*l**3 + 9*l**2 - 9*l + 5. What is the hundreds digit of n(p)?
3
Suppose -3*p + 4*k - 7 = 0, 11 = p + 12*k - 10*k. Let n(y) = 13*y**3 - y**2 + 8*y - 5. What is the units digit of n(p)?
1
Let n be -537*(-2)/(-4)*2*-1. Let p = -187 + n. What is the units digit of p?
0
Suppose -8*a + 59610 = -3*a + 4*m, 0 = m - 5. What is the thousands digit of a?
1
Suppose -210*o = -103*o - 97*o - 380010. What is the ten thousands digit of o?
3
What is the tens digit of (2702*7 + -2)*(10 + 100/(-12))?
2
Let m = -235 + 474. Let q = 1120 - m. What is the units digit of q?
1
Let z(m) = 24*m**2 + 2*m + 1. Suppose 6 - 30 = -2*o. Suppose 3*h = 3 - o, 0 = -3*b + h. What is the units digit of z(b)?
3
Let u be ((-4)/18 + 52/72)*-2. What is the tens digit of u + 10/8 - 222/(-8)?
2
Let f be (-162)/(-5) + 8/(-20). Suppose -a - 70 = -2*r, 6*a - 10*a = -3*r + 250. Let i = f - a. What is the units digit of i?
0
Suppose -2*m + 742118 = -13*m + 34*m. What is the thousands digit of m?
2
Let c(d) = d**3 + 7*d**2 + 3*d - 3. Let w be c(-5). Let g be (-23)/(-4) + 8/w. Suppose x = -3*t + 99, -3*x + g*x - 4*t = 232. What is the tens digit of x?
8
Let i = 271 + -1939. What is the hundreds digit of i/(-8)*(-8)/(-3)?
5
What is the thousands digit of 4 - 9631/(2 + 50/(-20))?
9
Let a(y) be the first derivative of -25*y**2/2 + 26*y + 85. What is the hundreds digit of a(-13)?
3
Suppose 15*f - 365 = 20*f. Let p = 281 + f. What is the units digit of p?
8
Let p(z) = 9*z**2 + 8. Let y(v) = -9 - 10*v**2 + 4*v**2 - 4*v**2. Let x(a) = -4*p(a) - 5*y(a). What is the hundreds digit of x(3)?
1
Let c = -122 + 126. Suppose c*l - 582 = 842. What is the units digit of l?
6
What is the units digit of 2408/172 - (-12331 - 2)?
7
Let n = -39920 - -61859. What is the ten thousands digit of n?
2
Let v = -28 - -30. Let n be 12/v*6/12. Suppose 0*g + 78 = 2*g + 3*k, -n*k = 5*g - 177. What is the tens digit of g?
3
Let k(j) = -283*j + 7078. What is the tens digit of k(-104)?
1
Suppose 13*l - 66702 = 12936. What is the hundreds digit of l?
1
Let z be -34 - (-6 - -11)/(-5). What is the units digit of -21 + 16 - 40*z?
5
Suppose -4*l - 4*x - 830 = -3010, -2*x = 4*l - 2180. Suppose 0 = 3*v + 3*p - 1665, 0 = -v + 8*p - 7*p + l. What is the tens digit of v?
5
Let d(z) = -347*z - 1036. What is the tens digit of d(-13)?
7
Suppose h = 4*s + 60, s = -h + 4*s + 55. Suppos